ctor of 32807327?
False
Does 48 divide 72933312?
True
Does 14 divide 657133268?
False
Is 279 a factor of 96321960?
True
Is 58 a factor of 489741734?
True
Does 86 divide 3895542?
True
Does 34 divide 67875465?
False
Is 11 a factor of 100725647?
True
Is 35 a factor of 10303580?
True
Is 647 a factor of 1137193080?
True
Is 197923492 a multiple of 3328?
False
Does 1466 divide 45575008?
True
Is 546 a factor of 36969114?
True
Is 403 a factor of 349005657?
True
Is 116 a factor of 7771112?
False
Does 27 divide 1177073?
False
Is 196018058 a multiple of 67?
False
Does 12 divide 90088380?
True
Is 16928240 a multiple of 133?
True
Does 46 divide 473890?
False
Does 1001 divide 101513191?
False
Does 12 divide 1212924000?
True
Is 15 a factor of 63201856?
False
Is 44897784 a multiple of 24?
True
Does 142 divide 42119318?
False
Does 1327 divide 40023647?
True
Does 20 divide 2042014240?
True
Does 1704 divide 194964864?
True
Does 2 divide 13962291?
False
Does 38 divide 562614090?
False
Is 16 a factor of 114922048?
True
Is 32 a factor of 53123904?
True
Does 541 divide 586607923?
True
Is 281 a factor of 19435539?
False
Is 17291087 a multiple of 316?
False
Is 624 a factor of 204624914?
False
Is 535 a factor of 40045071?
False
Does 1544 divide 80479456?
True
Is 738745334 a multiple of 338?
False
Does 68 divide 760622056?
False
Does 1529 divide 1126648364?
False
Is 1278048015 a multiple of 309?
False
Does 9425 divide 5342556343?
False
Is 179 a factor of 49148567?
True
Is 70380884 a multiple of 232?
False
Is 74940990 a multiple of 13?
False
Does 1330 divide 2156508550?
True
Is 385 a factor of 279141990?
False
Does 527 divide 277421232?
True
Does 52 divide 408656092?
True
Does 34 divide 63693704?
False
Is 20516143 a multiple of 53?
False
Is 13 a factor of 5585417083?
False
Is 2152392826 a multiple of 156?
False
Is 8639 a factor of 221457587?
False
Is 1406 a factor of 21565912?
False
Does 16 divide 11500165?
False
Is 90 a factor of 1019351700?
True
Is 7106909 a multiple of 1020?
False
Is 1347286959 a multiple of 29?
True
Does 343 divide 97770395?
False
Is 72 a factor of 54863908?
False
Is 1320220008 a multiple of 12?
True
Is 3317221085 a multiple of 6003?
False
Does 878 divide 3500586?
True
Is 207345260 a multiple of 340?
True
Is 135 a factor of 2536910299?
False
Is 365282790 a multiple of 7148?
False
Is 3011 a factor of 115191369?
False
Does 21 divide 22591458?
False
Is 390 a factor of 37391476?
False
Does 81 divide 18952087?
False
Is 886 a factor of 1250857034?
False
Does 43 divide 2337136?
True
Is 90638296 a multiple of 479?
True
Is 56826730 a multiple of 455?
False
Does 814 divide 14207556?
True
Is 23418069 a multiple of 25?
False
Is 582921539 a multiple of 19?
True
Is 21 a factor of 27610212?
True
Does 38 divide 15880580?
True
Is 936943804 a multiple of 74?
False
Does 32 divide 30475136?
True
Is 873 a factor of 2854097941?
False
Is 331924998 a multiple of 12126?
True
Does 81 divide 1603498946?
False
Does 2039 divide 147950313?
False
Does 10080 divide 2086156800?
True
Is 9 a factor of 3881621?
False
Is 134 a factor of 3427084355?
False
Does 177 divide 107260938?
True
Is 34 a factor of 1067736211?
False
Does 1839 divide 79886160?
True
Is 112462428 a multiple of 78?
True
Is 38846628 a multiple of 81?
True
Is 1297516572 a multiple of 69?
True
Is 250 a factor of 134272791?
False
Is 330 a factor of 610723080?
True
Is 31 a factor of 148565516?
True
Does 15 divide 6324980?
False
Is 3706925 a multiple of 2?
False
Is 1199316048 a multiple of 138?
True
Does 17 divide 29968399?
True
Does 10 divide 574479465?
False
Does 210 divide 128859990?
True
Does 407 divide 3737366586?
False
Is 4 a factor of 85574268?
True
Does 19 divide 757281?
False
Does 2572 divide 628394752?
False
Is 41 a factor of 319845592?
True
Is 66 a factor of 92838504?
True
Is 739646269 a multiple of 319?
False
Is 338174265 a multiple of 37?
True
Does 133 divide 69170906?
True
Is 107255265 a multiple of 1764?
False
Is 16711445 a multiple of 3085?
True
Does 2681 divide 313006750?
True
Does 440 divide 68102407?
False
Does 1814 divide 36996530?
True
Does 68 divide 17405924?
False
Is 3030237 a multiple of 27?
True
Does 754 divide 521942174?
True
Is 59 a factor of 390423001?
True
Is 53 a factor of 339002734?
True
Does 372 divide 223549308?
True
Is 52 a factor of 537873396?
False
Is 1598448436 a multiple of 26?
True
Is 771964233 a multiple of 11?
False
Is 99105744 a multiple of 1729?
False
Is 105339388 a multiple of 127?
True
Does 782 divide 125654106?
True
Is 258 a factor of 3185001?
False
Is 13316628 a multiple of 12?
True
Does 133 divide 4584784?
False
Is 64 a factor of 15081205?
False
Is 17 a factor of 99574882?
True
Is 41 a factor of 20365946?
False
Is 22 a factor of 97305516?
True
Is 20 a factor of 1431174167?
False
Is 56643819 a multiple of 2?
False
Is 150 a factor of 239877088?
False
Is 75426919 a multiple of 1038?
False
Is 460 a factor of 249205934?
False
Is 157 a factor of 112066808?
False
Does 1608 divide 29141908?
False
Does 2929 divide 49151688?
False
Is 1942139667 a multiple of 119?
False
Is 14 a factor of 4630253?
False
Is 91 a factor of 1643889?
False
Is 1346328810 a multiple of 15?
True
Is 3814 a factor of 105262586?
True
Does 8 divide 1463150164?
False
Does 17 divide 906146274?
True
Is 914 a factor of 223707898?
True
Is 41 a factor of 95981490?
False
Is 4184881 a multiple of 509?
False
Is 69374858 a multiple of 13?
False
Is 21 a factor of 47471872?
False
Is 1463155218 a multiple of 27?
True
Is 6625450 a multiple of 6?
False
Is 6 a factor of 362627208?
True
Is 7105 a factor of 1081054170?
True
Is 2039648380 a multiple of 10?
True
Is 301 a factor of 26846994?
False
Does 329 divide 80221057?
True
Is 16606236 a multiple of 6?
True
Is 45020844 a multiple of 6?
True
Is 477746215 a multiple of 445?
True
Does 276 divide 143409324?
True
Does 386 divide 920096516?
False
Is 4392 a factor of 1466897178?
False
Is 3147047902 a multiple of 561?
False
Is 119407883 a multiple of 938?
False
Does 13 divide 2202330?
True
Is 3998238 a multiple of 2?
True
Is 199520 a multiple of 10?
True
Does 2 divide 2251554?
True
Does 890 divide 997609010?
True
Is 21989457 a multiple of 50?
False
Does 17 divide 99595333?
True
Is 109988622 a multiple of 1587?
True
Is 396 a factor of 10638936?
True
Is 107 a factor of 18408066?
True
Is 21149597 a multiple of 109?
True
Is 1263 a factor of 161818358?
False
Is 8 a factor of 34092323?
False
Is 2302694 a multiple of 29?
False
Does 121 divide 3222723562?
False
Does 83 divide 35944229?
True
Is 1958 a factor of 2129287798?
True
Does 103 divide 928619057?
True
Does 1574 divide 46270878?
True
Does 40 divide 37366221?
False
Is 27774656 a multiple of 1064?
True
Does 26 divide 13708292?
True
Does 30 divide 63173153?
False
Is 280844168 a multiple of 180?
False
Is 17 a factor of 60881951?
False
Is 204100232 a multiple of 22?
False
Does 246 divide 40629606?
True
Is 3 a factor of 221757741?
True
Is 52835275 a multiple of 32?
False
Does 129 divide 490587?
True
Is 100781576 a multiple of 8?
True
Is 1199 a factor of 431261116?
True
Is 10 a factor of 2854718430?
True
Is 3861 a factor of 1704403701?
True
Does 46 divide 15461244?
True
Does 23 divide 401377301?
True
Is 225331188 a multiple of 2962?
True
Does 2200 divide 426742962?
False
Is 6 a factor of 32450538?
True
Does 13 divide 47423970?
False
Is 9 a factor of 19934244?
True
Does 1240 divide 260094960?
True
Is 20 a factor of 490164120?
True
Is 2813472607 a multiple of 1961?
False
Is 5 a factor of 65849681?
False
Is 109 a factor of 596606711?
False
Is 33 a factor of 218630115?
True
Does 227 divide 22218452?
False
Is 118408521 a multiple of 33?
True
Is 24515049 a multiple of 1040?
False
Is 458 a factor of 810903656?
True
Does 56 divide 6655375944?
True
Does 63 divide 2716749?
True
Is 4400561480 a multiple of 10?
True
Does 5784 divide 1844412336?
False
Is 30 a factor of 154942417?
False
Is 5 a factor of 74156664?
False
Is 87951948 a multiple of 42?
True
Is 37899284 even?
True
Does 19 divide 8643849?
False
Is 1565 a factor of 915122577?
False
Is 114361110 a multiple of 90?
True
Is 735164762 a multiple of 34?
True
Does 35 divide 2295265?
True
Is 812 a factor of 2098959974?
False
Is 199 a factor of 13298377?
False
Is 640 a factor of 105186560?
True
Is 58 a factor